 Let y(o) = z*r(o) - 3*n(o). Calculate y(2).
7
Let w(t) = 2 + 1 + 2*t - 1. Let l be 3/(-2)*2/3. Let o be 10/(-2) - l/1. Give w(o).
-6
Let z(h) be the second derivative of h**5/20 - h**4/12 - h**3/2 + h**2/2 + 7*h. What is z(2)?
-1
Let b(j) = -2*j + 1. Let s = -3 + 8. Suppose s*a - 15 = 10. What is b(a)?
-9
Suppose 0 = -2*q - 2*y + 52, -5*q + 130 = -y - 3*y. Suppose s = -4*z + q - 9, z = 3*s - 12. Let h be 9/6 - z/6. Let a(r) = 5*r - 1. Calculate a(h).
4
Let d be (-2)/5 - (-1 - (-6)/10). Let j(v) be the third derivative of 2*v**2 + 0*v - 4/3*v**3 + 1/24*v**4 + d. Determine j(6).
-2
Let t(x) = -x**3 - 4*x**2 + 2*x + 2. Let m = 0 - 5. Determine t(m).
17
Let c(b) = b - 91 + 187 - 93. What is c(5)?
8
Let h(n) = 7*n**2 + n + 3. Let j(o) = 13*o**2 + o + 5. Let a(u) = 11*h(u) - 6*j(u). Let t be (-2 - -5) + 0 + 1. Give a(t).
7
Let j(r) = -r**2 + 5*r + 4. Let v be j(6). Let f be 0 - (2 - -4)/v. Let c(b) = b - 1 + 0 - f + 0. Calculate c(3).
-1
Let a(i) = -22*i + 38*i - 3 - 21*i. Calculate a(-2).
7
Suppose 0 = 2*i - 8*j + 4*j + 4, -3*i - 4*j = 26. Let c(r) = -r**3 - 6*r**2 + 3. Determine c(i).
3
Suppose 0 = -s - 4*w + 20, 0 = -5*s + 4*w - 3*w - 5. Suppose 0 = -0*t + 5*t - a + 15, -2*t - 2*a - 18 = s. Let f(i) = i**2 + 5*i - 3. Give f(t).
-7
Suppose -3*r + 1 = -8. Suppose -3*b + 22 - 1 = 5*a, 0 = -4*b + 5*a - 7. Let v(d) = 3*d**b + d**2 - d**3 - 1 - d + 0*d**3. Determine v(r).
5
Let o(b) = -16*b + 27*b + 0 - 1 - 15*b. Give o(1).
-5
Let m(j) = j - 5. Let x be (-3)/6 + (-35)/(-2). Suppose -3*y - x = 2*g - 6*g, 5*y = 4*g - 15. Suppose 0*c - 20 = g*c. Determine m(c).
-9
Let g(l) be the first derivative of 1/2*l**2 + 0*l + 5. Give g(4).
4
Suppose 3*v + 3*h + 9 = 0, 4*v = v - 5*h - 9. Let y = 6 + v. Let b = y + -5. Let k(l) = -l**3 - 2*l**2 - 3*l - 1. Determine k(b).
5
Let u(h) = 6*h - 35. Let t be u(6). Let x(j) = 3*j**2 - 2*j - 1. Let q = -3 - -4. Let b(d) = d. Let l(f) = q*x(f) + 4*b(f). What is l(t)?
4
Let m = -3 - -5. Suppose p + 8 = -m*s, 5*s + 4 = -3*p + 3*s. Let y(k) = k**p + k**2 + 2*k + 3*k - 3. Give y(-4).
9
Let s(x) = -5*x + 3. Suppose -2*f - 5 = 1, -5*f - 30 = -3*t. Let v(k) = -2*k - 9. Let j be v(-6). Let g = t - j. What is s(g)?
-7
Let y(u) = u**3 + 6*u**2 + 5*u + 3. Suppose 2 - 5 = -x. Let r be 2*((-15)/2)/x. Determine y(r).
3
Let h = -6 + 10. Let s(a) = 4*a**3 + 2*a**2 - 11*a + 5. Let b(z) = 3*z**3 + 3*z**2 - 10*z + 4. Let i(k) = h*s(k) - 5*b(k). Calculate i(6).
0
Let b(j) = -5*j**2 + 3*j**3 + j**2 + 1 + 3*j**2 + 6*j**3. Suppose -1 + 4 = -3*u. What is b(u)?
-9
Let c(y) be the first derivative of -1/2*y**4 + 1 + 0*y**2 + y + 0*y**3. Determine c(1).
-1
Let o(f) = -4*f + 4*f**2 - 2 + 0*f**2 - 6*f**2. What is o(-2)?
-2
Let r(t) be the first derivative of t**4/4 + 8*t**3/3 + 2*t**2 + t - 23. What is r(-8)?
-31
Let p(b) be the third derivative of -b**6/120 - b**5/10 - b**4/4 + b**3/6 + 9*b**2. What is p(-5)?
6
Let x(r) be the third derivative of -r**5/24 - r**4/6 - r**3/6 + r**2. Let y(n) be the first derivative of x(n). Let l(s) = -3*s + 3. Let c be l(2). Give y(c).
11
Suppose 2*c + 5*t = -0*c + 14, -3*c - t = -8. Suppose -12 = -2*u - c*u. Suppose -8*w = -u*w. Let x(l) = -l**3 - l + 5. Give x(w).
5
Let g(b) = -2*b**2 + b**2 - 6*b + 3 - 2. Let d = -11 + 5. Determine g(d).
1
Let p(b) = b - 12. Let h be p(14). Suppose -h = u - 4. Let o(n) = n**2 - 4*n - 1. Determine o(u).
-5
Let s(p) be the first derivative of p**4/6 + 2*p**3/3 - p**2/2 - 3*p - 3. Let l(x) be the first derivative of s(x). Calculate l(-3).
5
Let k(y) = -10*y**2 + y + 1. Let b(n) = n**2 - 8*n - 8. Let f be b(9). Let a be 2/16 + 136/(-64). Let x be f/a + (-2)/4. Give k(x).
-10
Let k be (-37)/(-5) - (-2)/(-5). Let a = -4 + k. Suppose 0 = -2*i - 11 + a. Let q(n) = n**2 + 3*n - 2. What is q(i)?
2
Let f(d) = d + 2. Suppose -4*h - 10 = 2. What is f(h)?
-1
Let g(q) = -3*q**2 + 2*q + 2. Let b = -13 - 10. Let m = -15 - b. Suppose -2*f + 6*f = m. Give g(f).
-6
Let g(p) = -p**2 + 3*p - 4 + 2 + 2. Let q(l) = 2*l - 3. Let c be q(4). Suppose c*j = 11 + 9. Determine g(j).
-4
Let v(x) = -x**3 - 5*x**2 + 7*x + 5. Let r be (3*(-9)/6)/(3/4). Determine v(r).
-1
Let r(x) = -18 + 7 + 12 - 3*x. Determine r(1).
-2
Let f be ((-2)/2)/(3 - 4). Let j be (-4 - -2) + f*-5. Let u = -6 - j. Let s(b) = -b**2 - b. What is s(u)?
-2
Let r(h) = -h**2 - 5*h + 9. Let q be (-10)/(-25) + -4*21/10. Give r(q).
-15
Let x(a) = 0*a + 10 + 4 - a**2 - 7 - 2*a. Let p(h) = -h**2 + 7*h + 6. Let d be p(7). Suppose -d*b = -b - 3*z + 31, -4*z - 12 = 4*b. Give x(b).
-8
Suppose 10*n = 3*n - 56. Let j(u) = -u**2 - 9*u - 11. What is j(n)?
-3
Let j(x) = -3*x**3 - 13*x**2 - 5*x - 1. Suppose -q = -3, 5 = 5*w - q + 43. Let z(h) = 4*h**3 + 19*h**2 + 7*h + 2. Let k(l) = w*j(l) - 5*z(l). Give k(4).
-3
Let m(x) be the first derivative of -4*x**3/3 - x**2 + x - 5. Suppose 0 = -4*i - 5*w + 9, 3*i = 5*i + 3*w - 5. Give m(i).
-5
Let d(o) = -3*o**3 + o. Let q be (1 + (2 - 4))*1. Let n be d(q). Let v(f) be the second derivative of -f**3/6 + f**2/2 + f. Give v(n).
-1
Let u(v) be the second derivative of -v**2 + 4*v - 1/3*v**3 + 0. Suppose d = -1 - 2. Calculate u(d).
4
Suppose 2*c - 5 + 1 = 0. Let i = 62 - 57. Suppose -2*k + i*k - 11 = -4*x, -3*x + c*k = -21. Let l(u) = u**2 - 7*u + 4. Determine l(x).
-6
Let k(f) be the first derivative of -f**3/3 + f**2/2 + f - 3. Calculate k(-2).
-5
Let s(r) be the third derivative of -r**6/120 + r**5/20 + r**4/4 + 7*r**3/6 + 36*r**2. Determine s(5).
-13
Let t be (-2)/(-6) + (-20)/(-12). Let r(x) = -2*x**2 - x + 1. Determine r(t).
-9
Let x(s) be the second derivative of s**5/20 + s**4/2 - 7*s**3/6 - 3*s**2/2 + 3*s - 5. Let c = -12 + 5. Calculate x(c).
-3
Suppose f = -k + 1, f + 4 = 5. Suppose -2*b - b + 3 = k. Let h(a) = 11*a**3 + a**2 - a. Calculate h(b).
11
Let s(b) = 3 + 5 - 7 + 3*b - 2*b. Suppose 0 = 3*q + 4*g - 2, 0 = -3*q - q + 2*g - 34. Calculate s(q).
-5
Let d(g) = 4*g**3 + 2*g**2 - 3*g + 2. Let s(b) = 7*b**3 + 3*b**2 - 5*b + 3. Let o(r) = -5*d(r) + 3*s(r). Calculate o(2).
3
Let u(a) = -6*a - 6. Let v(p) = -p - 1. Let m(z) = -u(z) + 5*v(z). Let n = 1 + -1. Suppose 0*k - 11 = -2*k - d, n = -2*k - 5*d + 23. Calculate m(k).
5
Let c(h) = 0*h**2 + 76*h + h**2 - 79*h. Calculate c(3).
0
Suppose -5*k - 3*s - 58 = -5*s, 5*k + 38 = -3*s. Let p = -6 - k. Let v(n) = n**3 - 4*n**2 - 2*n - 5. Determine v(p).
-13
Let v(o) be the first derivative of o**4/4 + 2*o**3 + 3*o + 14. What is v(-6)?
3
Let u(t) be the third derivative of -t**4/24 + t**3/6 + 24*t**2. Determine u(-1).
2
Let i(t) = 5*t + 11. Let j be i(-2). Let p(g) = -5*g**3 + g**2 - g. What is p(j)?
-5
Let h(k) = k**3 + k**2. Let f(y) = 3*y**3 + 9*y**2 + 7*y - 3. Let l(j) = f(j) - 4*h(j). Give l(6).
3
Suppose 2*l - 5*l + 3 = 0. Let r(p) = 4*p**3 - 5*p**2 - 6*p - 2. Let k(j) = j**3 + 1. Let t(x) = l*r(x) - 3*k(x). Determine t(6).
-5
Let j(v) = 3*v + 48. Let m be j(-15). Let i(r) = 2*r**2 - 2*r + 2. What is i(m)?
14
Let f(r) = r**3 - 10*r**2 + 10*r - 5. Let p be f(9). Let x(n) = -n + 2*n + 0*n + 2. Determine x(p).
6
Let f(z) be the third derivative of z**4/8 - z**3/3 + 8*z**2. Let d be (-1)/(-2)*0 - -3. Give f(d).
7
Let a be -1 + 2 + (-18)/(-6). Let m(q) be the first derivative of q**2/2 - q - 1. Determine m(a).
3
Let v(s) = -s**3 + s**2 - 1. Let z(u) = 2*u**3 - u**2 + u + 3. Let y(b) = 5*v(b) + 2*z(b). Calculate y(3).
7
Let q(p) = 13*p + 4. Let b(o) = 6*o + 2. Let n(h) = 9*b(h) - 4*q(h). Let d be 1/(-4) - 198/(-24). Let c be (-26)/d + (-4)/(-16). What is n(c)?
-4
Let x(r) = r**3 - r - 5. Let t = 0 + 3. Suppose -5*q + 2*z + 6 = -0*q, q = t*z - 4. Let k be (q + 2*-1)/(-2). Give x(k).
-5
Let o(v) be the third derivative of v**7/840 - v**6/90 + v**5/40 - 5*v**3/6 - 5*v**2. Let a(w) be the first derivative of o(w). Give a(3).
0
Let h(z) = z**3 + 5*z**2 + 4*z. Let i be h(-4). Suppose i = -5*g + 4*k + 10, -k - 8 = -4*g + 3*k. Let x(w) = -w**2 - 2*w - 1. Calculate x(g).
-9
Let f(o) be the third derivative of o**5/60 + o**3/6 + 2*o**2. Let t(d) = d**2 + 2. Suppose 5*j - j - 4 = 0. Let q(k) = j*t(k) - 2*f(k). Determine q(-1).
-1
Let k(l) = l**3 - 12*l**2 + 13*l - 16. Suppose 9*o = 7*o + 22. Determine k(o).
6
Let r = -24 - -29. Let z(m) be the third derivative of -m**6/120 + m**5/15 + m**4/4 + m**3/2 + m**2. Calculate z(r).
8
Let l(o) = -4*o. Let p(t) = t + 6. Let g be p(-5). Determi